termine i(d).
39
Let i = 6035 - 6052. Let n(m) = -m**3 - 18*m**2 - 18*m - 21. Give n(i).
-4
Let p(v) = -25*v + 9*v + 6*v - v + 10*v + 3. Let w be 3 - (10 + (-3 - 0)). Determine p(w).
7
Let h(l) = l**3 - l**2 - 4*l + 3. Suppose -6*a = 43 - 79. Suppose -16*w + 18*w = a. What is h(w)?
9
Suppose -448*n + 37 = -445*n - 2*t, -t - 2 = 0. Let o(a) = -a**2 + 5*a + 23. Give o(n).
-43
Let a(m) be the first derivative of m**4/24 - m**3/6 - m**2 + 57*m + 173. Let z(l) be the second derivative of a(l). What is z(-6)?
-7
Let h(s) be the first derivative of -10*s**2 - 10*s + 1291. What is h(-3)?
50
Let t(z) be the first derivative of -z**4/4 - z**2/2 + 14*z + 54. Let u(k) = 2*k**2 - 13*k + 15. Let n be 861/168 + (-1)/8. Let j be u(n). Give t(j).
14
Let q(k) be the second derivative of -k**4/4 + 7*k**3/6 - 3*k**2 + 49*k - 16. What is q(5)?
-46
Suppose -62*r + 146 - 466 = 98*r. Let p(l) = -25*l - 45. Calculate p(r).
5
Let i(m) be the third derivative of 0 + 0*m + 63*m**2 + 5/24*m**4 - m**3 + 1/60*m**5. Determine i(-5).
-6
Let i(m) = -12*m**2 + 2*m**3 - 35*m + 33*m - 10 - 3*m**3. Let l(b) = -2*b**2 - b - 2. Let q be l(2). What is i(q)?
14
Suppose -3*z - 2*x + 21 = 7, 4*x + 8 = 0. Let j(n) = -2*n + 5*n - z - 4*n. Let t(p) = -p**3 - 5*p**2 - p + 9. Let g be t(-3). What is j(g)?
0
Let v(m) = -m**2 + 3*m + 46. Suppose -20*g + 340 = 180. Give v(g).
6
Let w(z) = z**2 + 6*z - 4. Suppose -17*a + 114 + 311 = 0. Suppose 2*o - a*o = 207. Calculate w(o).
23
Let t be -2 + 8/2 + -11. Let g(k) be the first derivative of k**4/4 + 10*k**3/3 + 9*k**2/2 - 2*k + 784. Determine g(t).
-2
Let m(s) = -s**2 - 8*s + 13. Let x = -156 + 161. Suppose -5*u + 6 = -r - u, 3*r = -x*u - 35. Calculate m(r).
-7
Let q(w) be the second derivative of -65*w + 0*w**2 + 1/6*w**3 + 1. What is q(-1)?
-1
Let r(k) = k**3 - 2*k**2 - k + 1. Suppose 36*x = 1619 - 1619. Determine r(x).
1
Let z(w) = 17*w - 14. Let u(v) = 20*v - 14. Let a(r) = 5*u(r) - 6*z(r). Give a(8).
-2
Let y(r) = 4*r**2 + 12*r - 144. Let k be y(7). Let v(g) = k*g + 141*g + 133*g - 409*g. Give v(-9).
-9
Suppose 86*j + 343 = 135*j. Let f(o) = -o**3 + 4*o**2 + 22*o - 8. Give f(j).
-1
Let x(w) = -72 + 92*w + 125 + w**3 + 34*w**2 - 83. Let z be x(-31). Let c(y) = -9*y**2 - y + 1. Determine c(z).
-9
Suppose l = -3*l - 36. Let j(a) = 6 + 848*a**3 - 749*a - 849*a**3 - 9*a**2 + 750*a. Determine j(l).
-3
Let y be 280/24*3/(-5). Let x(p) = p**3 + 7*p**2 + 5*p + 7. Determine x(y).
-28
Let k(q) = q**3 - 20*q**2 - 18*q - 52. Suppose -2*v = -2*y - 32, -2*y = 2*v + 1394 - 1446. Give k(v).
11
Let m(a) = a**2 + 8*a + 3. Suppose 9*r + 217 = -251. Let p be ((-14)/4)/(r/(-104)). Calculate m(p).
-4
Let y(x) be the third derivative of -x**5/60 + x**4/6 + 35*x**3/3 - 165*x**2 - 3. Calculate y(10).
10
Let t(u) = -2*u**2 + 8*u - 6. Let s be t(6). Let k be (-4)/(-6) + (-40)/s. Let b(j) = -19*j**2 + 2*j - 2 + 0*j + 17*j**k. Give b(2).
-6
Suppose b + 3 = 4. Let a(p) be the second derivative of 1/6*p**4 + 9 - 1/2*p**2 + 1/10*p**5 - 3*p + 0*p**3. Determine a(b).
3
Let u(x) = -2*x**2 - 14*x + 3. Suppose 18 = -n + 2*o, -n + 5*o - 38 + 8 = 0. What is u(n)?
-57
Let z = -169 - -266. Let k(y) = z*y + 93*y - 4*y**2 - 189*y + 17*y**2. What is k(1)?
14
Let x(j) = -677 - 995*j + 648 + 1023*j. What is x(6)?
139
Let d(y) = -y + 6. Let m = -60 - -54. Let k be 2/m - 408/(-36). Suppose 0 = k*s - 15*s + 24. Determine d(s).
0
Let k(m) = -21*m + 67. Let b = -7960 + 7963. Determine k(b).
4
Let t be -2*2*(-4)/(-16) - 1. Let g be t + (-85)/(-20) - 3/(-4). Let q(l) = 3*l - 2 - 1 - 3*l**3 - 3*l**2 + 4*l**3. Give q(g).
6
Let g(k) = -4*k**2 - 121*k**2 + 63*k**2 - 4 + 10*k + 67*k**2 + k**3 - 13*k. Suppose 0 = -3*a - 16 + 1. Calculate g(a).
11
Let m(o) = -10*o**3 + o + 103*o**2 + 11*o**3 + 5*o - 92*o**2 - 4*o - 4. Determine m(-11).
-26
Let o(c) = c - 2. Let g be o(6). Suppose 5*t + 0*t - 2 = -2*k, 3*t + g*k = -10. Let l(m) = 5 - 3*m**2 + 0 + 6*m + 2*m**2 + 0*m**t. What is l(6)?
5
Let h(i) = -29*i + 33. Let j(t) = 70*t - 64. Let v(a) = -5*h(a) - 2*j(a). Determine v(13).
28
Let o(p) = p**3 + 103*p**2 - 116*p**2 + 71*p - 60*p - 18. Determine o(12).
-30
Let n(u) = -u**3 + 6*u**2 - 2*u + 3. Let j be 0/(3*(4 + 30/(-9))). Let m(t) = -t**3 - t**2 - 5*t + 6. Let g be m(j). What is n(g)?
-9
Let v(x) = 12*x**3 + 6*x**2 - 6*x - 16. Let j(o) = -7*o**3 - 3*o**2 + 4*o + 9. Let d(f) = 7*j(f) + 4*v(f). Suppose -2*i = -7*i + 20. Determine d(i).
-1
Let c(n) = -2690 + 2690 - n. Calculate c(7).
-7
Let v(t) = -t + 4. Let o(h) = -201*h - 406. Let j be o(-2). What is v(j)?
8
Let f(k) = k**3 - 15*k**2 - 108*k + 1618. Let y be f(15). Let d(n) = -n**3 - 2*n**2 + 4*n + 9. Give d(y).
1
Let y(c) = c**3 + 2*c**2 - 4*c - 3. Let u be y(4). Let g be 4/22 + 602/u. Let h be (-22)/g - (-2)/(-8). Let s(j) = 3*j - 4. What is s(h)?
-13
Suppose -3*x - 4*p = -8*p - 51, -4*p = -2*x + 34. Let v(m) = -5*m + 51. Calculate v(x).
-34
Let o(r) = r**2 - 9*r + 1. Suppose 2*u + 37 = -2*i + 111, -3*i + 3*u + 105 = 0. Suppose i = 3*s - 9*h + 6*h, 0 = 5*s - 3*h - 52. Determine o(s).
-7
Let n(u) = u**3 - 10*u**2 + 31*u + 461. Let o(x) = 2*x**3 - 16*x**2 + 47*x + 734. Let s(y) = 8*n(y) - 5*o(y). Determine s(-2).
8
Let n(l) be the first derivative of l**3/3 - 3*l**2/2 - 3*l - 1078. Give n(5).
7
Let z(w) = 48*w - 106. Let c(h) = -8*h + 15. Let o(i) = 15*c(i) + 2*z(i). What is o(-3)?
85
Suppose 6 = -2*w - 4*a, 2*w - 5*a + a - 18 = 0. Let o(d) = -d**3 - 4*d**2 - 20*d - 122. Let v be o(-5). Let g(j) = j - w*j - 9 - v + 6. What is g(-4)?
2
Let y(p) = -94*p + 9. Let l(o) = 15*o - 1. Let m(k) = 6*l(k) + y(k). Determine m(10).
-37
Let y(b) = -b. Let m(d) = 6*d - 2. Let q(z) = -m(z) - 5*y(z). Suppose 5*x + 5862 = -35*n + 32*n, 4*n + 1186 = -x. Let u = x - -1176. Give q(u).
-4
Let m be (-6*(-4)/(-16))/((-35)/70). Let o(b) be the third derivative of 1/30*b**5 + 5/24*b**4 + 0 + 0*b + 1/3*b**3 + m*b**2 - 1/120*b**6. What is o(4)?
-10
Let o(s) = 5*s**3 - 5*s**2 + 11*s - 5. Let b(h) = -h**2. Let x(d) = -d**3 - 2*d + 1. Let l(n) = -3*b(n) + 3*x(n). Let y(i) = -7*l(i) - 4*o(i). Determine y(-1).
-1
Let a(w) = 2*w**2 - 2*w + 1. Let b(r) = -r**2 - 14*r - 14. Let x be b(-8). Let z(p) = -p**2 + 36*p - 65. Let q be z(x). What is a(q)?
13
Let w(r) = 23*r + 98. Suppose -6*n = -18*n + 204. Let t(g) = -8*g - 33. Let b(s) = n*t(s) + 6*w(s). Give b(-19).
-11
Suppose 0 = -52*r + 11*r + 779. Let o(i) = -i**3 + 18*i**2 + 19*i - 17. What is o(r)?
-17
Let h(q) = -10*q + 256. Let v(n) = -20*n + 457. Let j(d) = 5*h(d) - 3*v(d). Determine j(10).
9
Let z(b) = -627*b**2 - 643*b**2 - b**3 - 6 - 12 - 17*b + 1290*b**2 - 12. Give z(19).
8
Let l(d) = 2*d**2 - 39*d - 15. Suppose -3*g + 69 = 7*o - 4*o, -4*o + 86 = 2*g. Calculate l(o).
5
Let x(m) = 7*m - 6 + m**2 - 8 + 8 + 12 - 2. What is x(-3)?
-8
Suppose -158 = -3*i - l, -3*i - 9*l = -5*l - 173. Let t(c) = -52*c + 2 + i*c - 1. Suppose -j = -2 - 1. Determine t(j).
-2
Let i(f) = 18*f + 11. Let g(o) = 1 - 2 - 125*o + 241*o - 118*o. Let t(y) = 6*g(y) + i(y). What is t(-4)?
-19
Let x(n) be the first derivative of -n**4/4 + 8*n**3/3 - 5*n**2/2 + 3*n - 1. Suppose -7*b + 18*b - 66 = 0. Let h be 50/20 - (-27)/b. Give x(h).
17
Let j(r) = -8*r**3 + 5 + 15*r**2 + 4*r + 13*r - 14*r**3 + 35*r**3 - 14*r**3. Give j(16).
21
Let u(s) = -12*s**2 - 42*s + 13. Let d be u(-4). Let k(t) = -t**2 - 12*t - 12. Calculate k(d).
-1
Let p(b) = -b**3 + 6*b**2 - 2*b + 2. Suppose 5*q + 252 = -9*q. Let z = q + 21. Calculate p(z).
23
Let r(g) = 19*g - 26 + 3*g - 48*g**2 + 49*g**2 - 9*g. Determine r(-15).
4
Let y(n) = 5*n**3 + 3*n**2 + 3*n + 4. Let b(m) = 16 + 10*m**2 + 14*m**3 - 24 + 10*m + 4 + 16. Let d(c) = -4*b(c) + 11*y(c). Suppose 4*q = 3*q - 5. Give d(q).
-19
Let p(n) be the first derivative of -n**2/2 - 37*n + 510. Give p(-30).
-7
Let d(s) = -s**3 - 24*s**2 - 23*s - 15. Suppose 3*x - 3*t + 366 = 303, 2 = -t. Determine d(x).
-15
Let o(u) = 3849*u + 63 - 3838*u + 11. Determine o(-7).
-3
Suppose 2*b - 12 = w, -b = b + 5*w. Let j = -274 + 273. Let a be j/((1/b*1)/1). Let u(q) = -q**2 - 6*q - 5. Calculate u(a).
0
Let o(t) = -t. Let y be o(-6). Let q(k) be the first derivative of k**3/6 + 7*k**2/2 - 5*k + 91. Let v(z) be the first derivative of q(z). Calculate v(y).
13
Let z(k) = -170*k**2 + 239*k + 174. Let s(y) = -23*y**2 + 32*y + 23. Let i(g) = -37*s(g) + 5*z(g). Let h = 21 